t(-4)?
0
Suppose -28*v - 1703 + 4363 = 0. What is the remainder when 260 is divided by v?
70
Suppose 2*j - 2*f - 26 = -2, -j + 17 = -2*f. Let v = 61 + j. Calculate the remainder when v is divided by 35.
33
Suppose -2*b - 6*h + 130 = -7*h, -h = 2. What is the remainder when 75 is divided by b?
11
Let x = -5 - -10. Suppose -3*p + 10 = q - 12, x*p = -4*q + 39. Suppose 6*c - 12 = 2*c. Calculate the remainder when p is divided by c.
1
Let v = -7 - -9. Suppose j - 141 = -v*j. What is the remainder when j is divided by 16?
15
Let c be 17/(12/8 + (-7)/4). Let i = 102 + c. What is the remainder when 66 is divided by i?
32
Let z(g) = -25*g**2 + 1. Let y be z(1). Let a = y + 72. What is the remainder when a is divided by 10?
8
Suppose -l - 14 = 4*n - 9, -2*l = -2*n - 10. What is the remainder when 7 is divided by l?
1
Let m be (1 - 6) + (-1 - -95). Let q = m + -48. What is the remainder when 162 is divided by q?
39
Let w(t) = 14*t**2 + 52*t + 103. What is the remainder when 380 is divided by w(-2)?
50
Suppose -2*l - 5 = -7*l. Suppose -13*q - 4 = -14*q. Let f(y) = y**2 - 4*y + 1. What is the remainder when f(q) is divided by l?
0
Let p(b) = -3*b**3 + 5*b**2 - 3*b - 6. Calculate the remainder when 292 is divided by p(-2).
28
Let w(u) be the third derivative of u**5/60 - u**4/8 + 3*u**3/2 - 7*u**2. What is the remainder when 32 is divided by w(3)?
5
Suppose -17 = 6*w + 49. What is the remainder when 63 is divided by 51*(w/3 + 4)?
12
Let c be 20/(-8)*24/(-20). Suppose 3 = 3*i - 4*v, 5*v = i + c*v + 1. Suppose -4*h = -8*h + 16, 3*x + i*h = 38. Calculate the remainder when 15 is divided by x.
3
What is the remainder when 3144/32*8/12*2 is divided by 6?
5
Let b(p) = 2*p**2 + 5*p - 7. Calculate the remainder when b(-9) is divided by 39.
32
Let w(m) = -m**2 + 48*m + 251. Calculate the remainder when w(52) is divided by 1.
0
Let c(l) be the second derivative of l**5/20 - l**4/3 + l**3/3 + 7*l**2 - 12*l. Calculate the remainder when c(6) is divided by 25.
23
Let m = -298 - -324. What is the remainder when 29 is divided by m?
3
Let y(l) = -29*l**3 + 1. Let g(u) = -2*u + 7. Suppose 0 = -4*f + k + 11, 3*f - k + 3 = 2*k. Let b be g(f). What is the remainder when y(b) is divided by 11?
8
Suppose -103 - 524 = -11*z. Calculate the remainder when z is divided by ((-10)/3)/((-20)/90).
12
Let y be (-4)/18 - (-41710)/18. Let s be -1 + -4*51/12. Calculate the remainder when 108 is divided by (-4)/s - y/(-63).
34
Suppose 3*w + 127 = 37. Suppose 3*g - 5*g + 22 = 0. What is the remainder when 410/w*(-2 - 1) is divided by g?
8
Suppose 12*a - 29 = 7. What is the remainder when 14 is divided by a?
2
Suppose 6*n + 2 = 74. Let t(u) = -u**2 - 9*u - 3. Let r be t(-8). Suppose -232 = -r*z - 3*a, z + 3*a = -4 + 48. What is the remainder when z is divided by n?
11
Let z(j) = 3*j**2 + j - 13. What is the remainder when 57 is divided by z(3)?
6
Suppose k = -p + 13, 3*k - 47 = 2*p - 88. Calculate the remainder when 158 is divided by p.
14
Let c(m) = m + 236. What is the remainder when c(-70) is divided by 24?
22
Let f be (-22)/(4/(-2)) + -6. Let w(v) = v**3 - 2*v**2 - 7*v + 10. Let p = -22 - -40. Calculate the remainder when w(f) is divided by p.
14
Let q(t) = -11*t**3 + 3*t**2 + 5*t + 4. What is the remainder when q(-2) is divided by 32?
30
Let u = 537 - 476. Calculate the remainder when 485 is divided by u.
58
Let m(p) = p**3 + 8*p**2 - 10*p + 6. Let c be (6 - 4)/(1 - (-33)/(-27)). Calculate the remainder when 43 is divided by m(c).
13
Suppose -4*s = -2*s - 114. Let d(r) = -r**2 + 16*r + 17. Let w be d(14). Let v = w + -30. What is the remainder when s is divided by v?
12
Let s = -232 + 335. Calculate the remainder when s is divided by 18.
13
Let g be 6/21 + (-24)/(-14). Let j = 4 - g. Let o(u) = u**2 + u - 35. Calculate the remainder when o(-7) is divided by j.
1
Suppose 9*l - 27 - 126 = 0. What is the remainder when 54 is divided by l?
3
Let u = -11 - -22. Let f = -24 - -25. What is the remainder when u is divided by (-9)/15*(f + -6)?
2
Suppose -4*k + 395 = -5*r, 353 = 5*k + 5*r - 107. Calculate the remainder when k is divided by 28.
11
Let i(u) = u**2 + 9*u + 1. Let x(p) = -11*p - 1. Let w(t) = -t**3 - t - 1. Let c be w(-1). Let g be x(c). Calculate the remainder when i(g) is divided by 20.
17
Suppose -3*h + 123 = 5*a, -7*h + 4*h + 3 = 0. What is the remainder when 46/(-4)*(14 - a) is divided by 13?
11
Let d(j) = j**3 - 6*j**2 + 7*j - 3. Let h be d(5). Suppose -3*b = -h*b + 48. Calculate the remainder when (-1659)/(-84) + 10/8 is divided by b.
9
Let i = -18 - -21. Suppose 4*g = -5*f + 65, g = -g - i*f + 35. Suppose -56 = -4*x - 2*r, 5*r + g = -0*r. Calculate the remainder when x is divided by 9.
6
Let m(x) = 3*x**3 - 1. Let h be m(1). Suppose 0*q = h*q - 48. Suppose -s = -q + 8. What is the remainder when 31 is divided by s?
15
Let g(s) = 49*s - 582. Calculate the remainder when g(16) is divided by 12.
10
Let m = -2 + 6. Suppose -5*u - 60 = 4*b - 5*b, m*b - 324 = -u. Let h(j) = 26*j**3 - j + 2. Calculate the remainder when b is divided by h(1).
26
Suppose 6*s - 2*s + 188 = 0. Let n = s + 78. Suppose -4*j = -3*j - n. Calculate the remainder when j is divided by 16.
15
Suppose -82 = -o - 45. Let b = 70 - o. Calculate the remainder when b is divided by 12.
9
Suppose -2*j + 506 = -6. Calculate the remainder when j is divided by 53.
44
Suppose -5*q + 2*q - 86 = -2*z, -2*z - 5*q = -102. Let y(t) = -t**2 + 2. Let r be y(2). What is the remainder when z is divided by (r/(-4))/(4/192)?
22
Let y = -68 + 65. What is the remainder when 57 is divided by (17 - (y - -2)) + (-4)/2?
9
Suppose -5*q + 150 = 4*c + 8, -4*c - 3*q = -138. Let k(n) = 21*n**2 - 12*n - 29. Calculate the remainder when k(-3) is divided by c.
31
Suppose 0*f - 3*t = -f + 17, 79 = 2*f + 3*t. What is the remainder when 97 is divided by f?
1
Let n(b) = b**2 - 6*b + 33. Let w be n(11). Let k = w + -68. What is the remainder when k is divided by 13?
7
Suppose 280 + 228 = 2*f. What is the remainder when f is divided by 46?
24
Suppose -13*b - 20 = -18*b. Suppose b*s = 6*s - 224. What is the remainder when s is divided by 38?
36
Let x = 83 - 92. Let h(p) = -p**3 - 9*p**2 - 16*p - 3. What is the remainder when h(x) is divided by 13?
11
Suppose 166*m = 176*m - 850. What is the remainder when m is divided by 44?
41
Let r(y) = y**3 + 14*y**2 + 28*y + 45. Calculate the remainder when r(-10) is divided by 42.
39
Let g = 15 - 2. Suppose -2*t - 30 + 74 = 5*u, 0 = 4*t - 4*u - 116. Let m = 31 - t. Calculate the remainder when g is divided by m.
1
Let i(o) = -o + 45. What is the remainder when i(5) is divided by 24?
16
Suppose 0 = 3*u - 1 - 212. Let v(q) = -q - 5. Let g be v(-10). Suppose 4*s + 115 = g*h, 2*h + s - 33 = -0*s. Calculate the remainder when u is divided by h.
14
Let s(w) = 5*w - 8. Suppose 5*i - 18 = 2*i. Suppose 0*z = 3*z - 24. Calculate the remainder when s(i) is divided by z.
6
Let k(v) = v**2 - 1. Let h be k(-2). Suppose -167 = -h*f - 2. Suppose 2*g = g + f. What is the remainder when g is divided by 28?
27
Suppose -b + 78 + 19 = 5*h, 0 = -b - h + 109. Suppose 18*c = 3*c + 495. What is the remainder when b is divided by c?
13
Let k = -79 + 24. Let x = k + 111. Calculate the remainder when x is divided by 29.
27
Let q(z) = 6*z - 51. Let i be q(9). Suppose i*j - 110 = 181. Calculate the remainder when j is divided by 20.
17
Let u = 83 - -28. Suppose -y + u = 4*i + 45, -15 = -3*i. Calculate the remainder when y is divided by 16.
14
Suppose -3*f + 9 = -0*f + 2*q, 0 = -f - q + 3. Suppose -f*n + n = -18. Let j(x) = -x**3 + 6*x**2 - 2*x - 7. Calculate the remainder when j(4) is divided by n.
8
Let v = -281 + 2. Calculate the remainder when 124 is divided by (-7*2/(-6))/((-31)/v).
19
Suppose 3*h + 4*x - 830 = -208, h - 208 = -2*x. What is the remainder when h is divided by 31?
20
Let l = -322 + 386. What is the remainder when 134 is divided by l?
6
Let d(z) = -z**3 + 11*z**2 + z + 15. Let q be d(11). Calculate the remainder when 50 is divided by q/8*2*4.
24
Let z = 63 + -32. What is the remainder when z is divided by 17?
14
Calculate the remainder when 131 is divided by (-394)/(-12) - (-3 - (-51)/18).
32
Suppose -294 = -c - 84. What is the remainder when c is divided by 53?
51
Suppose 46*p + 40 = 47*p. Calculate the remainder when 43 is